1576
What is the highest common divisor of 9672 and 263328?
312
Calculate the highest common divisor of 962410 and 4554590.
6130
Calculate the highest common divisor of 1029440 and 7260.
20
What is the greatest common factor of 244 and 161404?
4
Calculate the greatest common divisor of 73260 and 1083060.
1980
Calculate the highest common divisor of 686173202 and 66.
22
Calculate the highest common factor of 1225338 and 340224.
2658
What is the greatest common factor of 1125 and 4281625?
125
Calculate the greatest common divisor of 47167551 and 18.
9
Calculate the highest common factor of 848 and 46103852.
212
What is the highest common factor of 7668 and 640244772?
2556
What is the highest common divisor of 1070 and 36732565?
535
What is the highest common divisor of 14 and 27423494?
14
Calculate the greatest common factor of 19266 and 2573532.
1014
Calculate the highest common factor of 60337398 and 33638.
3058
Calculate the greatest common factor of 1945 and 543168869.
389
What is the greatest common factor of 302938 and 1002?
334
Calculate the highest common divisor of 11056 and 13281020.
2764
Calculate the greatest common divisor of 1293 and 16454287.
431
Calculate the highest common divisor of 23985 and 268605.
45
What is the highest common divisor of 2280 and 982623?
57
What is the highest common factor of 7620174 and 774?
18
What is the greatest common factor of 70 and 23715146?
14
What is the highest common divisor of 121440 and 32985128?
2024
Calculate the highest common divisor of 2309311 and 122687.
1553
Calculate the greatest common factor of 6 and 30682254.
6
What is the highest common factor of 7 and 23045323?
7
Calculate the greatest common factor of 192873 and 5736.
717
What is the highest common divisor of 16160592 and 882?
294
What is the highest common divisor of 8778 and 3767358?
798
Calculate the greatest common factor of 84928 and 956.
4
What is the greatest common factor of 900748 and 93532?
268
What is the greatest common factor of 7820100 and 19980?
180
What is the highest common divisor of 65225 and 13418087?
2609
Calculate the highest common divisor of 4100745 and 20590.
145
Calculate the greatest common factor of 6438 and 25058842.
2146
What is the greatest common divisor of 22245030 and 6090?
870
Calculate the highest common factor of 1398434992 and 15222.
5074
Calculate the greatest common factor of 32 and 5805280.
32
Calculate the highest common factor of 135 and 1145177865.
135
Calculate the highest common divisor of 1150915 and 1571615.
3005
Calculate the highest common divisor of 217061739 and 63.
9
Calculate the greatest common factor of 336 and 853503.
21
What is the greatest common factor of 2402243 and 12453?
593
Calculate the highest common divisor of 11880 and 326822760.
3960
Calculate the highest common factor of 14367800 and 2660.
380
What is the highest common divisor of 450 and 41589?
9
Calculate the highest common factor of 603 and 9370352.
67
Calculate the highest common divisor of 560 and 251446160.
560
What is the highest common factor of 10543404 and 190?
38
What is the greatest common divisor of 15 and 1159289385?
15
What is the highest common factor of 18023514 and 114?
114
Calculate the greatest common divisor of 4010 and 8121854.
802
What is the greatest common divisor of 467502 and 12?
6
What is the highest common factor of 3102477 and 2845311?
3297
Calculate the highest common divisor of 3444798984 and 16314.
16314
What is the greatest common divisor of 38 and 111336276?
38
What is the highest common factor of 100 and 6805975?
25
What is the highest common divisor of 748604658 and 1671?
1671
Calculate the greatest common factor of 2607672886 and 598.
598
What is the greatest common factor of 100 and 27277180?
20
What is the greatest common divisor of 5853051 and 70829?
6439
Calculate the highest common factor of 9742494 and 510.
6
What is the greatest common divisor of 430068 and 25464?
12
Calculate the greatest common divisor of 81702 and 15199598.
3026
Calculate the highest common factor of 8024664 and 5975.
239
Calculate the greatest common factor of 21 and 7560952.
7
Calculate the greatest common factor of 61411 and 51646.
217
Calculate the highest common factor of 572 and 112484086.
286
Calculate the greatest common divisor of 1167021 and 1476.
9
What is the highest common divisor of 45332863 and 1598?
799
What is the highest common divisor of 11408651 and 372?
31
What is the highest common factor of 21310 and 43310444?
4262
What is the highest common factor of 23514 and 1149493647?
11757
Calculate the greatest common divisor of 199 and 39804577.
199
Calculate the highest common factor of 50030492 and 183.
61
What is the greatest common divisor of 659 and 472854247?
659
Calculate the highest common divisor of 14 and 30760128.
14
What is the highest common factor of 53296 and 73648?
16
What is the highest common divisor of 4108 and 314964?
52
Calculate the highest common divisor of 8526 and 635418.
42
What is the greatest common factor of 304 and 12225128?
8
What is the greatest common divisor of 52273 and 206836219?
4021
Calculate the greatest common divisor of 2445822 and 486.
54
What is the highest common divisor of 20 and 167399940?
20
Calculate the highest common factor of 1262319036 and 2508.
2508
Calculate the highest common divisor of 80 and 2180784.
16
Calculate the greatest common divisor of 11 and 1188712393.
11
Calculate the highest common divisor of 27585248 and 224.
32
Calculate the highest common factor of 1032 and 126682515.
129
Calculate the greatest common factor of 135729 and 296406.
297
What is the greatest common divisor of 42999 and 7381?
11
What is the highest common divisor of 69165 and 2687365?
265
Calculate the greatest common factor of 90607 and 4972.
11
Calculate the greatest common divisor of 4574725 and 2850.
475
What is the greatest common divisor of 435 and 58925?
5
Calculate the highest common divisor of 227031158 and 1614.
538
Calculate the highest common divisor of 149164 and 2188856.
1676
What is the greatest common factor of 79604 and 3738545?
2843
Calculate the greatest common factor of 9680838 and 59450.
2378
Calculate the highest common divisor of 710905774 and 13592.
3398
Calculate the greatest common divisor of 5 and 24969535.
5
Calculate the greatest common factor of 1524548508 and 2856.
1428
What is the greatest common factor of 76437 and 22577225?
2831
What is the highest common factor of 4305577 and 412781?
3013
What is the greatest common factor of 7220 and 1475350?
190
Calculate the highest common factor of 1987799 and 5225.
209
What is the highest common divisor of 3917425 and 237850?
1775
What is the greatest common divisor of 8053 and 3940026886?
8053
Calculate the highest common factor of 326162 and 1715504.
1802
What is the highest common divisor of 156894006 and 1068?
534
What is the greatest common divisor of 97517407 and 13?
13
Calculate the highest common factor of 20 and 877545740.
20
What is the highest common divisor of 460551276 and 4572?
4572
Calculate the highest common divisor of 164000 and 12248.
8
What is the greatest common divisor of 1540306 and 754?
58
What is the highest common factor of 11168 and 4763850?
698
What is the greatest common factor of 2288 and 1303640?
104
Calculate the greatest common factor of 22286805 and 15.
15
Calculate the highest common divisor of 3342596 and 3668.
524
Calculate the highest common divisor of 1312 and 1390048.
32
What is the greatest common divisor of 2107633 and 4147?
319
What is the highest common factor of 2724 and 520820628?
2724
What is the greatest common divisor of 1486954 and 17626?
14
What is the highest common factor of 1538768 and 2112?
176
What is the highest common divisor of 31527 and 517653?
1017
What is the highest common factor of 339227 and 4347?
161
Calculate the greatest common factor of 56898 and 298062.
522
What is the highest common divisor of 340736 and 6662986?
2662
What is the highest common factor of 73617291 and 275?
11
Calculate the greatest common factor of 10359960 and 585.
195
Calculate the highest common factor of 106211616 and 16464.
2352
What is the highest common divisor of 65043189 and 122440?
3061
Calculate the greatest common factor of 88